ns digit of 1691?
9
What is the tens digit of 8768?
6
What is the tens digit of 37282?
8
What is the thousands digit of 16622?
6
What is the thousands digit of 2630?
2
What is the hundreds digit of 4648?
6
What is the thousands digit of 1584?
1
What is the hundreds digit of 16322?
3
What is the units digit of 4166?
6
What is the hundreds digit of 18424?
4
What is the thousands digit of 8092?
8
What is the tens digit of 11276?
7
What is the units digit of 172?
2
What is the units digit of 141162?
2
What is the units digit of 6550?
0
What is the ten thousands digit of 24539?
2
What is the thousands digit of 113050?
3
What is the ten thousands digit of 17045?
1
What is the units digit of 28348?
8
What is the tens digit of 554?
5
What is the ten thousands digit of 89338?
8
What is the hundreds digit of 4587?
5
What is the hundreds digit of 2721?
7
What is the hundreds digit of 75260?
2
What is the hundreds digit of 7561?
5
What is the hundreds digit of 1256?
2
What is the tens digit of 119722?
2
What is the thousands digit of 1104?
1
What is the hundreds digit of 3554?
5
What is the hundreds digit of 4724?
7
What is the tens digit of 1875?
7
What is the units digit of 2859?
9
What is the hundreds digit of 6039?
0
What is the units digit of 98383?
3
What is the ten thousands digit of 46458?
4
What is the units digit of 4?
4
What is the tens digit of 4033?
3
What is the tens digit of 140?
4
What is the ten thousands digit of 39468?
3
What is the hundreds digit of 628?
6
What is the tens digit of 6053?
5
What is the units digit of 2600?
0
What is the tens digit of 217?
1
What is the thousands digit of 31204?
1
What is the hundreds digit of 54217?
2
What is the units digit of 159?
9
What is the hundreds digit of 4217?
2
What is the hundreds digit of 1116?
1
What is the thousands digit of 4261?
4
What is the tens digit of 573?
7
What is the tens digit of 1432?
3
What is the tens digit of 11477?
7
What is the units digit of 163357?
7
What is the hundreds digit of 94944?
9
What is the units digit of 7807?
7
What is the tens digit of 617?
1
What is the hundreds digit of 852?
8
What is the thousands digit of 18667?
8
What is the units digit of 6104?
4
What is the tens digit of 840?
4
What is the tens digit of 1055?
5
What is the hundreds digit of 669?
6
What is the units digit of 68408?
8
What is the units digit of 1280?
0
What is the tens digit of 7533?
3
What is the thousands digit of 12629?
2
What is the tens digit of 375?
7
What is the thousands digit of 6134?
6
What is the ten thousands digit of 15670?
1
What is the units digit of 3273?
3
What is the hundreds digit of 909?
9
What is the tens digit of 6083?
8
What is the hundreds digit of 60018?
0
What is the hundreds digit of 66248?
2
What is the hundreds digit of 1291?
2
What is the hundreds digit of 107054?
0
What is the units digit of 16422?
2
What is the units digit of 3092?
2
What is the hundreds digit of 33302?
3
What is the tens digit of 9124?
2
What is the hundreds digit of 150501?
5
What is the units digit of 1427?
7
What is the hundreds digit of 3302?
3
What is the hundreds digit of 7531?
5
What is the units digit of 128396?
6
What is the thousands digit of 28778?
8
What is the units digit of 25300?
0
What is the ten thousands digit of 20542?
2
What is the units digit of 1773?
3
What is the thousands digit of 3859?
3
What is the tens digit of 73?
7
What is the thousands digit of 9715?
9
What is the units digit of 7086?
6
What is the thousands digit of 106515?
6
What is the thousands digit of 4976?
4
What is the hundreds digit of 2785?
7
What is the tens digit of 110?
1
What is the units digit of 856?
6
What is the ten thousands digit of 43661?
4
What is the units digit of 1294?
4
What is the units digit of 2835?
5
What is the tens digit of 39030?
3
What is the tens digit of 21796?
9
What is the tens digit of 40069?
6
What is the ten thousands digit of 31395?
3
What is the hundreds digit of 6009?
0
What is the hundreds digit of 1135?
1
What is the ten thousands digit of 34412?
3
What is the tens digit of 6910?
1
What is the units digit of 1941?
1
What is the hundreds digit of 5470?
4
What is the hundreds digit of 14371?
3
What is the hundreds digit of 906?
9
What is the units digit of 19364?
4
What is the tens digit of 7508?
0
What is the tens digit of 618?
1
What is the units digit of 2718?
8
What is the units digit of 2491?
1
What is the ten thousands digit of 11043?
1
What is the tens digit of 85?
8
What is the units digit of 6458?
8
What is the tens digit of 1959?
5
What is the units digit of 92898?
8
What is the tens digit of 851?
5
What is the units digit of 41618?
8
What is the ten thousands digit of 17514?
1
What is the thousands digit of 1005?
1
What is the hundreds digit of 1997?
9
What is the hundreds digit of 1721?
7
What is the tens digit of 706?
0
What is the hundreds digit of 35396?
3
What is the ten thousands digit of 12061?
1
What is the thousands digit of 40238?
0
What is the hundreds digit of 1229?
2
What is the hundreds digit of 15893?
8
What is the units digit of 1004?
4
What is the hundreds digit of 2911?
9
What is the thousands digit of 12934?
2
What is the ten thousands digit of 11839?
1
What is the hundreds digit of 2915?
9
What is the tens digit of 2496?
9
What is the tens digit of 830?
3
What is the hundreds digit of 2038?
0
What is the thousands digit of 12968?
2
What is the hundreds digit of 2604?
6
What is the tens digit of 19310?
1
What is the thousands digit of 3845?
3
What is the ten thousands digit of 14736?
1
What is the thousands digit of 31434?
1
What is the ten thousands digit of 26287?
2
What is the units digit of 1987?
7
What is the units digit of 1147?
7
What is the tens digit of 2459?
5
What is the tens digit of 344?
4
What is the tens digit of 3106?
0
What is the tens digit of 1995?
9
What is the thousands digit of 4777?
4
What is the hundreds digit of 44340?
3
What is the thousands digit of 1105?
1
What is the units digit of 45818?
8
What is the units digit of 2050?
0
What is the units digit of 83950?
0
What is the hundreds digit of 7990?
9
What is the units digit of 45368?
8
What is the tens digit of 14614?
1
What is the thousands digit of 11003?
1
What is the units digit of 366?
6
What is the thousands digit of 18975?
8
What is the ten thousands digit of 47938?
4
What is the tens digit of 146?
4
What is the hundreds digit of 70899?
8
What is the tens digit of 58792?
9
What is the units digit of 1142?
2
What is the hundreds digit of 147913?
9
What is the ten thousands digit of 35531?
3
What is the ten thousands digit of 16942?
1
What is the thousands digit of 28456?
8
What is the units digit of 2289?
9
What is the units digit of 53106?
6
What is the hundreds digit of 8715?
7
What is the units digit of 13021?
1
What is the tens digit of 88702?
0
What is the hundreds digit of 811?
8
What is the hundreds digit of 310?
3
What is the tens digit of 1305?
0
What is the thousands digit of 6365?
6
What is the hundreds digit of 258?
2
What is the tens digit of 190032?
3
What is the units digit of 10917?
7
What is the tens digit of 2096?
9
What is the units digit of 5460?
0
What is the ten thousands digit of 47040?
4
What is the tens digit of 5174?
7
What is the units digit of 21596?
6
What is the hundreds digit of 142?
1
What is the hundreds digit of 14226?
2
What is the tens digit of 5574?
7
What is the units digit of 890?
0
What is the thousands digit of 46714?
6
What is the thousands digit of 14628?
4
What is the thousands digit of 14363?
4
What is the thousands digit of 4082?
4
What is the hundreds digit of 594?
5
What is the tens digit of 2603?
0
What is the thousands digit of 23351?
3
What is the tens digit of 5836?
3
What is the hundreds digit of 12091?
0
What is the units digit of 61889?
9
What is the units digit of 30603?
3
What is the units digit of 29017?
7
What is the hundreds digit of 25696?
6
What is the tens digit of 66802?
0
What is the units digit of 502?
2
What is the thousands digit of 31892?
1
What is the units digit of 896?
6
What is the hundreds digit of 1646?
6
What is the units digit of 17458?
8
What is the thousands digit of 169588?
9
What is the ten thousands digit of 36908?
3
What is the tens digit of 947?
4
What is the hundre